-69).
-17
Evaluate 27 + (-10 - -1) - 9 - (17 - -2).
-10
Evaluate 2 + -1 - (63 + -52).
-10
What is (-3 + -3 - -4) + (0 - 6 - 5)?
-13
Evaluate (0 - -1) + -15 - (78 + -55 - 13).
-24
What is the value of (6 - (1 - -3)) + -5 + -8 + -6?
-17
5 - (-13 - (13 - 61) - 8)
-22
What is 49 + -85 + 36 + -7?
-7
Calculate -15 + (25 - (22 + -1)).
-11
What is -8 - ((5 - -4) + -3 + -26)?
12
-6 + 13 + 1 - ((2 - -1) + 22)
-17
(21 - 22 - -4) + 13
16
Calculate -30 + 49 + -10 + 0.
9
What is (14 + -9 - 6) + 14 - 4?
9
What is the value of 10 - (-30 - -30 - (-5 - 1))?
4
-40 - -18 - -26 - (-11 + 2)
13
What is -1808 + 1819 - (1 - -30)?
-20
Calculate (-4 + 6 - -3) + (-1 - 1) - 1.
2
What is -11 + 7 - -10 - (7 - (-2 + 23))?
20
What is the value of 9 + -10 + -3 + 16?
12
(-5 - (-6 + -5)) + 0 - 11
-5
Calculate 3 + -6 + 0 + -10 + 8.
-5
What is the value of 0 + -25 - (-15 + 3 + -9 - -12)?
-16
Calculate -29 - (-37 + -41 - -35).
14
Calculate -2 + 2 + (2 - (5 + -5)).
2
Calculate -10 - -7 - -27 - 0.
24
Evaluate (13 - 9 - -3) + (-6 - -6) - 39.
-32
Calculate 3 + 1 + (-8 - -10) + -3.
3
What is (0 + 8 + -18 - -9) + 12?
11
What is (0 - ((-15 - -3) + 7)) + -4 + 13?
14
Calculate 0 - ((6 - -2) + -2 + 7 + -4).
-9
Calculate -27 + 45 + 3 + -14.
7
Calculate 5 - -16 - 18 - (-4 + 0 + 0).
7
Calculate -127 + 154 + (-18 - -3).
12
What is -20 - (34 + -19) - -18?
-17
-140 + 157 + (0 - 12)
5
Evaluate 16 + -17 - (1 - (1 + 4 + -2)).
1
What is -1 + 2 + (14 - 9) + 0?
6
-11 - (-7 + -2 - (-5 - -3))
-4
Calculate 6 + (25 - 2) + -54.
-25
Evaluate -1 + 0 + -5 + 2 + 3 - -14.
13
(-29 - 1) + 17 + (8 - 4) + -15
-24
Calculate -1 - 4 - (-11 + 7 + 36 + -14).
-23
(-14 - -47) + -39 - (1 + 8)
-15
14 - 21 - ((-8 - 5) + 4) - 1
1
-6 - (7 + -16) - 9
-6
What is 8 + -1 + -5 - (-6 + (-16 - -9))?
15
1 - 33 - (-40 - (-62 + 28))
-26
Evaluate 17 - (18 + 10) - -2.
-9
-7 - -1 - ((15 - (22 + -11)) + 19)
-29
What is -1 + -3 + -3 + 6?
-1
Evaluate (37 - 1) + -133 + 122 - -6.
31
-7 - -27 - -6 - 19
7
Evaluate -5 - (5 + (-10 - 8) + -9 + 8).
9
What is (25 + -1 - 1) + -6752 + 6738?
9
What is the value of (15 + -10 - (4 - 3)) + 2 + 0?
6
Calculate -9 + 1 + -17 + 15 + -7.
-17
Calculate (43 - 2) + -1147 + 1083.
-23
Evaluate (24 - -6) + (12 - (1 - -13)).
28
Calculate 2 + -1 - (-52 - (-7 + -33)).
13
What is the value of 0 + -17 + 6 + 6 + 4 + -3?
-4
Evaluate 11 - -1 - (427 + -402).
-13
24 + -15 + 20 + -13 + -26
-10
What is the value of -1 + (-25 - -14 - 4)?
-16
What is the value of (97 + -102 - (2 - 1)) + 17?
11
What is -6 - (8 + -1 + -7 - 6)?
0
What is (-2 - (-9 + 10 + 5)) + (10 - 9)?
-7
What is (27 - 31) + (2 - (1 + -2 - 1))?
0
(3 - 2) + -13 + -8 + 25
5
-8 + 0 + -9 + 9 + -9 + 5
-12
What is -15 - (-3 + -1) - (-90 + 78)?
1
What is the value of 31 - -3 - (-1 + (-12 - -27))?
20
Calculate 5 - (12 + -8) - 30 - (-1 - 4).
-24
What is the value of 11 + (7 - (11 + -2 - 17 - -6))?
20
Calculate (-18 - -8 - -13) + -2 + 0.
1
What is -25 - -28 - (-36 + (-8 + 19 - 3))?
31
-319 + 320 - (1 - -10)
-10
-1 - 2 - (1 + 20 + -17)
-7
-1 - -11 - (12 - (46 + -30))
14
What is the value of (-5 + 10 - (1 - 2)) + (3 - 1)?
8
What is 23 + -7 + (4 - 6)?
14
What is the value of -12 - (36 + -30) - (-25 + -1)?
8
What is the value of -3 - (1 - 1) - (11 - (9 + -3))?
-8
Calculate 9 + -5 + 5 + (6 - -4).
19
Evaluate 20 - (9 + 14) - 0.
-3
Evaluate -14 + (-6 - (-2 - -1 - -1)).
-20
Calculate 10 + -19 + 26 + -4 + 12 + -12.
13
Evaluate -13 - (22 + -23 - -3).
-15
Evaluate 18 - ((-22 - -7) + 19).
14
What is -3 + 5 + 14 + -8 - 8?
0
What is (-10 + -9 - -32) + 5 + -22?
-4
Evaluate 13 + 0 + (10 - 24).
-1
What is the value of -146 - -132 - (5 + -22)?
3
What is (-4 - (4 - 2)) + (1 - 5 - -20)?
10
5 - (13 + -9 + 0)
1
What is the value of 10 + -14 + -14 + 1?
-17
5 - 0 - ((6 - 4) + -4)
7
What is (0 - (0 - -7)) + (-1 - -10) + -8?
-6
What is (-8 - -3) + -2 + 10 - 14?
-11
(-24 - -24) + 12 + 1 - (8 - 4)
9
Evaluate (13 - (-10 + 20)) + -2 + 4 + 7.
12
Calculate -8 - (-9 + 4) - -14 - (2 + 7).
2
What is -21 - -46 - -29 - 27?
27
Calculate (-20 - 8 - 29) + 32.
-25
What is -6 + (-8 - (4 + 8 + (-10 - -7)))?
-23
Evaluate 25 + (6 - 2) + 5 - (9 - 1).
26
-1 - (2 - 1) - (1 + 9 + -27)
15
Evaluate 25 + -25 + 25 - 28.
-3
Calculate (-30 + 25 - (16 - 4)) + 5.
-12
Calculate (-1 - -1 - ((-5 - -7) + -3)) + -3.
-2
What is the value of -1 + 17 - (454 + -422)?
-16
Calculate -5 + (15 - 3) + 31 + -35 - 6.
-3
Calculate (-12 + 18 - 10) + (1 - -9) + -1.
5
(-5 - (5 - 11) - (10 - 5)) + 10
6
Evaluate (-80 - -60) + 2 + 7.
-11
What is the value of -11 + (9 - -2) + 38 + -20?
18
-20 - ((-41 - -26) + 7)
-12
(-1 - 0) + 0 + 0 + (-297 - -309)
11
Evaluate 21 + -17 - ((16 - -4) + -1).
-15
What is the value of -1 + 0 + 0 + 1 - (-3843 + 3824)?
19
Evaluate -2 + 5 + 2 + 14 - 6.
13
-32 - (5 - 26) - (1 - 3)
-9
What is -8 + (13 - -1) + -3 + 14?
17
What is the value of -9 - -16 - (3 + -4 + -2 + 9)?
1
Evaluate 26 + -2 + 439 + -449.
14
-14 + 23 + -8 + 7
8
(-7 - (-6 + -1)) + 19 + -25 + 0
-6
(-3 - (-13 - -7)) + 7
10
(-1 + 3 + 1 - 4) + -4 + 17
12
What is the value of -9 - 1 - (5 + -12 + (-11 - -4))?
4
Evaluate -3 + 0 - ((-8 + 13 - 5) + 12).
-15
0 - (-3 + 7) - 4 - (1 + -20)
11
What is (-4 + 9 - (-3 + 5 - 4)) + -3?
4
What is -4 - ((13 - 8) + -5)?
-4
Evaluate -7 + 20 + (7 - 3 - -3 - 7).
13
What is the value of 7 + -3 - (7 + 1 + (7 - 8))?
-3
3 + -8 - -19 - (6 + -6 + 2)
12
What is -35 - -43 - (-2 - -6 - -25)?
-21
Calculate 3 - 7 - -10 - 4 - (0 + 1).
1
53 - 19 - 49 - -27
12
What is (23 + -24 - (12 + -2 + 1)) + 2?
-10
-20 + (1 - -7) - (-29 - -28)
-11
Calculate 32 + -42 + 30 + 0.
20
What is the value of 0 + (20 - (6 + 6))?
8
Calculate (-6 + 6 - 1) + (2 - -5) + -6.
0
What is (-19 - -11) + 4 + 10?
6
What is the value of -25 + 46 + -27 - (-1 + -1 + -16)?
12
What is the value of -7 + (10 + -2 - 1) - (-3 + 10)?
-7
Calculate 0 + 29 - (-217 - -254).
-8
-17 + (115 - 120) + 8 + 0
-14
What is the value of -8 - (-21 - -12 - -6) - (2 + 5)?
-12
Evaluate 128 + -152 + 1 + 12.
-11
What is the value of -9 + (-4 - (-11 + 4) - -2)?
-4
Calculate 6 - (-6 - -8 - 6) - -5.
15
Calculate -2 + (4 - (0 + -7)) - -2.
11
What is the value of 0 + (-15 + 7 - (-8 - -8))?
-8
What is the value of -2 - (-5 - 3) - ((10 - -18) + -21)?
-1
12 - 10 - (-1 - (-10 + -4))
-11
What is the value of (-14 - -11) + (-23 - -4)?
-22
What is -12 + 1 + -3 + (48 - 22 - 19)?
-7
Calculate 6 + (-8 - (2 + -14)) + 13.
23
Evaluate -21 - 1 - (-415 + 404).
-11
Calculate -8 - 8 - (2 + 0).
-18
What is the value of (-1 - 36) + 35 - (-1 + -20)?
19
Evaluate -19 + (28 - -23 - 11).
21
Evaluate -35 - (-6 + -4 + 5 - 8).
-22
Calculate 18 - 31 - (-21 - 1).
9
(5 - 4 - 3) + 8 + 8
14
4 + (4 + (4 - 0) - 35)
-23
Evaluate 27 - (-18 - -28) - 23.
-6
What is the value of 9 + (-8 - (-1 - 5 - -5))?
2
What is -3 + -8 + 1 + -1 - -3?
-8
What is the value of 6 - 6 - (16 + -1 + 5 + -6)?
-14
What is the value of (4 - 1) + (25 - 52 - -16)?
-8
7 - (0 - (5 - 10) - 7)
9
What is -40 + 9 + -23 + 40?
-14
Evaluate 14 + (-9 - 1) + (-143 - -135).
-4
Evaluate -3 + -5 + 20 - 6 - -8.
14
Evaluate -2 + 46 + -48 + 1 + -1 - -11.
7
-22 + 6 + 10 + 15
9
Evaluate 38 + (11 + -24 - -6).
31
Evaluate (-30 + -4 - 24) + 26.
-32
Evaluate -31 + 25 + 11 - (-1 + 3).
3
What is the value of -23 - -15 - -9 - (-1 + 29 - -2)?
-29
What is -8 - (-1 + -10 + 5 + -12 - -1)?
9
Evaluate 3 - ((-31 - 3) + 19).
18
Calculate -11 + 14 + 5 + 3 + 4.
15
Evaluate 1 - -2 - (-20 - (-8 + 19 + -25)).
9
Evaluate 5 + 4 + 0 - (-8 - -12).
5
9 + -17 + 8 + (-5 - 0)
-5
Evaluate 1 + (3 - -5) + -28 + (-5 - -14).
-10
6 + (-10 + (4 - (-2 - -2)) - -8)
8
Evaluate 6 + -32 + 23 + 9.
6
What is (0 - -1 - 2) + (-5 - -1) - -1?
-4
What is the value of 0 + (-1 - -12) + -9?
2
What is the value of (-4 - -4) + -1 + -4 - (122 + -129)?
2
Evaluate (8 + 9 + -20 - -3) + -11.
-11
0 + (-1 - 6 - (-14 + 12)) + -7
-12
What is 13 + 1 + -13 + 4?
5
What is -22 + (11 - 34) + 23?
-22
What is the value of -17 + (-22 - -24) + -4?
-19
Evaluate -2 - ((-36 - -35) + 2 + 0 + -8).
5
Evaluate (-11 + 6 - (-2 + -2)) + (-3 - -21).
17
(-81 - -75) + (-3 - -1) + 2 + -8
-14
What is the value of -387 + 373 + (1 - 5)?
-18
What is 0 - (-1 + 0 + (13 - (-2 - -19)))?
5
Evaluate (-643 - -628) + 0 + -3.
-18
What is (20 - (10 + -26)) + -18?
18
-6 - (3 - 5 - (-5 + 4 + -8))
-13
What is the value of (-1 + (1 - 0 - -10) - -1) + -35?
-24
What is (0 - 2) + 6 - 2 - (-408 + 399)?
11
Wha